 z be 10 + (3 + -3)/s. Suppose 4 - z = l - y, -20 = -5*y. Determine b(l).
-7
Let a be ((-8)/(-8))/(2/(-8)). Let z(y) = -2*y - 3. Let u be z(a). Suppose -u + 0 = -n. Let f(m) = m**2 - 5*m + 6. Calculate f(n).
6
Let v(s) = s + 1. Let g(p) = -11*p + 14*p - 4*p - 10. Let k(o) = g(o) + 4*v(o). Give k(6).
12
Suppose 0 = -2*t - 2*y - 12, -13 = 2*t + 5*y - 4*y. Let a(j) = -j + 5*j + 7 - 13 - j. Let b(r) = 7*r - 12. Let n(k) = -9*a(k) + 4*b(k). What is n(t)?
-1
Let r(j) = -8*j + 1. Suppose -4 = -5*q + b + b, 3*q - b = 2. Suppose q*v + 3*v + 5*w - 16 = 0, -4*w = -5*v + 39. Let l = -8 + v. Calculate r(l).
9
Let n(w) = 13*w**3 + 1. Let m(q) = -q**3 - q**2 + 2*q - 1. Suppose -3*c = f - 2*f - 5, -5 = -4*c + f. Let g be m(c). What is n(g)?
-12
Let i be ((-5)/15)/((-1)/3). Let c be 4*(-1)/(-2 + i). Let x(q) = -q**3 + 4*q**2 + 3*q - 4. Give x(c).
8
Let l(h) = h**3 - 3*h**2 - 2*h + 4. Let n(f) = f**3 + 8*f**2 - 82*f - 8. Let t be n(6). Calculate l(t).
12
Let b be ((-9)/(-15))/((-1)/(-5)). Let s(t) = 1 - 1 - 1 + t - 7*t**2 + 6*t**2 - t**2. Calculate s(b).
-16
Let s be (-6)/(-3 - (5 - 1)*-1). Let u(y) = -5*y + 8. What is u(s)?
38
Let u be (-6)/((-5)/((-5)/(-2))). Let x(a) = -7*a + a + a + u. Let t be x(2). Let p(b) = -b**2 - 9*b + 1. Determine p(t).
15
Let y = 210 - 329. Let q = y - -115. Let w(s) = -s**3 - 5*s**2 - 6*s. Calculate w(q).
8
Let n be 10/(-3) - 2/(-6). Let m(w) be the third derivative of w**5/30 + w**4/8 - 2*w**3/3 - 22*w**2 + 4. Give m(n).
5
Let g(q) = -2 + 6*q + 2. Let y be 8/28 - 1002/(-21). Let u be (y/4)/(-3) + 6. Calculate g(u).
12
Let d(s) = s**3 - 5*s**2 + 4*s + 4. Suppose 14 = 3*b - 1. Determine d(b).
24
Let u(x) = -x**3 - 2*x + 43. Let a be u(0). Let q = a - 50. Let s(k) = -k + 1. Determine s(q).
8
Let t(x) = 12*x**2 + 11*x + 14. Let z(k) = 4*k**2 + 4*k + 5. Let r(c) = 4*t(c) - 11*z(c). Let h be (-5)/7 - 10/35. Calculate r(h).
5
Let f(q) = q + 3. Let a(y) = -y**2 + 8*y - 8. Let w be a(6). Suppose 3*b - 24 = w*c, -5*c - 2 = -2*b + 21. Determine f(c).
0
Suppose 5*i = -3*b + 41, 3*i = -10*b + 5*b + 47. Let m(v) = 2*v - 7. Give m(b).
7
Let a(j) = -61*j**3 + 8*j**2 + 2*j - 8. Let c(f) = 92*f**3 - 11*f**2 - 3*f + 11. Let w(m) = -7*a(m) - 5*c(m). Determine w(-1).
32
Let c(d) = 8 - 9 + 1 - 1. Let x(n) = -10 - 3*n + 5 - 7. Let s(g) = -6*c(g) + x(g). Calculate s(-4).
6
Suppose l + q - 4 = 0, -4*l - 5*q + 0*q + 14 = 0. Let p(t) = 2 - 1 - 9 + t. Determine p(l).
-2
Let l(u) = 1. Let c(n) = -7*n**2 + 5. Let s(v) = -v + 18. Let t be s(19). Let j(p) = t*c(p) + 6*l(p). Give j(-1).
8
Let i(x) be the second derivative of -x**3/6 - 21*x**2/2 - 11*x. Give i(-16).
-5
Let u(h) = 8*h - 6. Let y(f) = f. Let x be (-4 - (-10)/4)*-4. Let s(n) = x*y(n) - u(n). What is s(5)?
-4
Let z(p) = -p**3 + 2*p**2 - 4*p - 3. Let t(f) = 4*f**3 - 9*f**2 + 16*f + 12. Let h be 3 + (-8 - (3 + 1)). Let d(v) = h*z(v) - 2*t(v). Determine d(-2).
-13
Let n(b) = 2*b**3 + 6*b**2 + 31*b - 24. Let k(l) = -l**3 - 2*l**2 - 15*l + 12. Let m(i) = 13*k(i) + 6*n(i). Calculate m(9).
12
Let k(n) = 31*n + 33*n + 34*n - 2 - 82*n. Calculate k(2).
30
Let a be 7/(-3)*(5 + -8). Let o = 13 - a. Let t(u) be the third derivative of -u**6/120 + 7*u**5/60 - u**4/6 - 5*u**3/6 - 27*u**2 + 4*u. Calculate t(o).
7
Let l(t) = t**3 + 5*t**2 - 7*t - 2. Let j(k) = k**3 + 4*k**2 - 6*k - 2. Suppose 0 = -2*o + 9 - 1. Let f(v) = o*j(v) - 3*l(v). What is f(-2)?
0
Let b(c) be the first derivative of c**2 - 6*c - 104. Determine b(7).
8
Let k(b) = 7*b**2 + 18*b - 5. Let h(d) = 11*d**2 + 27*d - 7. Let u(n) = 5*h(n) - 8*k(n). What is u(-10)?
-5
Let i(v) = 57 + 37 - 4*v - 93. Calculate i(1).
-3
Let b(j) = -2*j**2 + 2 + 3*j**2 - j + 1 + 0. Let f(t) = t**2 + t - 3. Suppose -2*l = 3*w + 5, 2*w - 3*l = l - 14. Let q be f(w). Give b(q).
9
Let p(t) = -t**2 + 4*t + 2. Suppose -c + 4*l + 1 = -2*c, -4*c = -2*l + 22. Let r = 2 + c. Let k be (-2)/(8/(-28)) + r. Determine p(k).
2
Let n(y) = y**3 + 17. Let q(o) = 3*o - 24. Let b be q(8). Determine n(b).
17
Suppose 0 = 5*m - 2*j - 23, 0 = m - 4*j - 0 - 1. Suppose -4*p + 41 = 5*t, -4*p + m*t + 2 - 11 = 0. Let s(v) = 2*v + 2 + p*v**2 - 3 - 3*v. Determine s(-1).
4
Let x(o) = -o. Let p(s) = -17*s. Let u(l) = p(l) - 6*x(l). Suppose 52*j + 5 = 57*j. Determine u(j).
-11
Let f be -6 + 60/5 + -4. Let y(a) be the third derivative of 2*a**f - 2/3*a**3 + 0 - 1/12*a**4 + 0*a. Determine y(-3).
2
Let d be ((-15)/(-12))/((-1)/(-4)). Let x(h) be the first derivative of h**2/2 + 7*h + 96. Let l(a) = -a - 8. Let w(t) = d*l(t) + 6*x(t). Give w(-3).
-1
Let j(r) be the third derivative of r**5/60 + 7*r**4/24 + r**3/6 + r**2 - 96*r. Determine j(-7).
1
Let r = 30 - 39. Let c = r + 14. Suppose b = -2*m, c*m - 2*b + b = -14. Let x(o) = o**3 - o**2 + o. Give x(m).
-14
Let p = -20 - -28. Let q be 4 + (-4)/(-16)*0. Let y(v) = -p + 3 + v - 3 - q*v. Give y(-6).
10
Let l = -3 - -3. Let z(b) = 7*b - 2. Let y(j) = 8*j - 11*j - 3*j. Let w(o) = 6*y(o) + 5*z(o). What is w(l)?
-10
Let p = -4 - -8. Let l(j) = p*j + 274 + j**2 - 2*j - 273. Calculate l(-1).
0
Let l(k) be the first derivative of 3*k**2/2 - 15*k + 180. Determine l(6).
3
Let f(p) = 3*p**2 + 11*p + 6. Let t(k) = k**2 + 3. Let o(g) = -f(g) + 2*t(g). Determine o(-10).
10
Let l(q) = -q**3 - 5*q**2 + 9*q + 9. Let h = 498 - 504. Determine l(h).
-9
Suppose -2*d - 10 = -4*d. Suppose -4*v + 1 = -5*v, -3*v = -d*o + 8. Let p(u) = 7*u - o + 0 - 4*u. Give p(-1).
-4
Suppose n - 60 = -3*n. Suppose 3*p + 0 = -n. Let d(u) = -u**2 - 4 - 5*u + 0*u**2 + 1. Give d(p).
-3
Let z(h) = h + 3. Let w(a) = -a**3 + 7*a**2 - 6*a + 4. Let o be w(5). Let c = -24 + o. Suppose c = -6*p + 2*p - k - 14, 3*k + 9 = -p. Calculate z(p).
0
Let d(i) = -5*i - 2. Let u(c) = -14*c - 5. Let x = -46 + 40. Let j(k) = x*u(k) + 17*d(k). Determine j(-9).
5
Let a(u) = -u**2 + 10*u - 25. Let l(b) = -2*b**2 - 51*b - 299. Let o be l(-16). Determine a(o).
0
Let d(b) = b**2 + b - 4. Let w = 10 - 23. Let h(a) be the first derivative of a**2/2 + 9*a - 1. Let m be h(w). What is d(m)?
8
Let s = -10 - -14. Suppose 2*r + s = -2*c - 0*c, 4*r = 5*c - 17. Let m(b) = -b - 3*b + 5*b - 3*b. Give m(r).
6
Let o(i) = -i**3 - 9*i**2 - i + 5. Let u(z) = z**3 + 9*z**2 + z - 4. Let k(j) = -3*o(j) - 2*u(j). What is k(-9)?
-16
Suppose -36 = 5*k - 71. Suppose 3*y - k = -4*y. Let o(t) = 2*t - 1. Calculate o(y).
1
Let y(g) be the first derivative of -g**2/2 + 15*g + 15. Calculate y(6).
9
Let t(n) be the second derivative of -5*n**3/6 + 3*n**2/2 + 2*n + 2. What is t(5)?
-22
Let g be (-6)/(-3) - 75/(-5 + 2). Suppose 0 = y + 3*k - 2*k - 13, -k - g = -4*y. Let b(c) = c**2 - 8*c + 5. What is b(y)?
5
Let v(n) = 14*n - 1. Let l be (1 - (-5)/6) + 96/576. What is v(l)?
27
Let f(n) = -n**2 - 9*n. Let p be (-30)/4*36/27. Determine f(p).
-10
Let s(r) = -r**3 - 6*r**2 - 7*r - 6. Let p = 70 - -71. Suppose p - 45 = 4*k. Suppose -4*v - k + 4 = 0. Give s(v).
4
Let x(c) = -13*c**2 + 3*c - 7. Let f(w) = 28*w**2 - 6*w + 16. Let p(i) = 6*f(i) + 13*x(i). Determine p(4).
1
Let d = -8 - -11. Let k(q) = 6*q - 1 + 9 - 3*q**2 - d*q**2 + 7*q**2. Determine k(-6).
8
Let f be (-2 - 11) + 28 + -8. Let l(s) = 4*s**2 + 22*s + 20. Let w(t) = 3*t**2 + 15*t + 13. Let m(i) = 5*l(i) - 7*w(i). Give m(f).
-5
Let g(i) = -4*i + 8. Let y be g(2). Let q(j) = -109*j - 108*j + j**2 + y*j**2 + 224*j - 9. Give q(-8).
-1
Let p(c) = 28516 - 28516 + 7*c. What is p(4)?
28
Let s(h) = h**3 - 6*h**2 - 7*h - 5. Let n(j) = -j**2 + 12*j - 29. Let u be n(6). Determine s(u).
-5
Let r(f) = f + 10. Let n(w) = w - 12. Let l be n(10). Let j be 243/(-18)*l/(-3). Determine r(j).
1
Let d(c) = 1 - 15*c**2 - c - 3*c + 13*c**2 + 0*c. What is d(-3)?
-5
Let p(b) = 18*b**2 + 3*b. Let o(t) = 35*t**2 + 7*t. Let g(f) = 4*o(f) - 9*p(f). Give g(-1).
-23
Suppose x - 4*x = -33. Suppose 0 = -f + 2 - x. Let b(k) = -k**3 - 8*k**2 + 9*k + 5. Give b(f).
5
Let a = -2 + 5. Let f be 2/(-11) + (-4)/(-22) - -14. Let o(y) = -17 + 35 - 3*y - f - y**3 + 4*y**2. Determine o(a).
4
Let t(d) = d - 4. Suppose -5*z + 5*c = 0, 3*z + c + 2*c - 30 = 0. Suppose z*n = -n + 12. What is t(n)?
-2
Let v be 2/17 + 810/51. Let u be (8/5)/(v/(-40)). Let q(g) = -g**2 - 5*g - 6. What is q(u)?
-2
Let a(c) = 3*c**2 + 4*c - 2*c - 2*c + 3*c + 2. Suppose -16 = 5*h + 2*q, 3*q + 5 = 3*h - h. Calculate a(h).
8
Let v(i) be the first derivative of i**5/20 - i**4/6 + i*